15
da
Convert -1 (base 7) to base 14.
-1
-40 (base 7) to base 5
-103
What is -2020 (base 3) in base 14?
-44
-88 (base 13) to base 7
-220
21 (base 9) to base 6
31
What is -330 (base 7) in base 2?
-10101000
Convert 12 (base 14) to base 2.
10000
What is 4 (base 7) in base 14?
4
What is -2 (base 14) in base 8?
-2
Convert -2 (base 14) to base 16.
-2
Convert -13 (base 13) to base 9.
-17
What is 73 (base 14) in base 3?
10202
What is 12 (base 3) in base 2?
101
What is 2 (base 16) in base 13?
2
Convert 3 (base 7) to base 15.
3
3 (base 14) to base 15
3
401 (base 7) to base 4
3011
17 (base 9) to base 8
20
What is 24 (base 7) in base 8?
22
What is -30 (base 6) in base 8?
-22
What is 200 (base 5) in base 6?
122
1355 (base 6) to base 9
438
Convert 72 (base 15) to base 13.
83
-70 (base 8) to base 3
-2002
5 (base 14) to base 7
5
Convert -21 (base 4) to base 16.
-9
-33 (base 7) to base 3
-220
What is 1102 (base 3) in base 8?
46
-29 (base 13) to base 16
-23
Convert -46 (base 8) to base 16.
-26
What is 315 (base 7) in base 2?
10011111
Convert -3 (base 8) to base 12.
-3
Convert -29 (base 14) to base 10.
-37
Convert -1 (base 8) to base 3.
-1
-1 (base 10) to base 11
-1
Convert -100 (base 10) to base 11.
-91
1 (base 5) to base 11
1
Convert -13 (base 15) to base 7.
-24
What is -2 (base 14) in base 13?
-2
-10210 (base 3) to base 8
-146
1 (base 4) to base 2
1
What is -7b (base 14) in base 13?
-85
What is 6a (base 13) in base 9?
107
What is 1 (base 15) in base 5?
1
What is -2 (base 13) in base 5?
-2
-1 (base 5) to base 9
-1
What is -1 (base 9) in base 15?
-1
What is 11 (base 3) in base 8?
4
What is -3 (base 9) in base 6?
-3
What is -137 (base 10) in base 6?
-345
1 (base 15) to base 13
1
26 (base 7) to base 15
15
Convert 343 (base 6) to base 12.
b3
What is -4 (base 13) in base 15?
-4
Convert 45 (base 16) to base 7.
126
Convert 0 (base 7) to base 15.
0
Convert -3 (base 12) to base 3.
-10
231 (base 5) to base 15
46
-20 (base 4) to base 15
-8
5 (base 14) to base 2
101
Convert -2 (base 10) to base 16.
-2
Convert -14 (base 8) to base 9.
-13
110 (base 4) to base 11
19
Convert -31 (base 5) to base 11.
-15
-102 (base 9) to base 11
-76
Convert -21 (base 13) to base 9.
-30
Convert -102 (base 4) to base 9.
-20
Convert 12001 (base 4) to base 5.
3020
What is 4 (base 10) in base 14?
4
Convert -12 (base 11) to base 9.
-14
Convert -2 (base 6) to base 15.
-2
63 (base 13) to base 11
74
-10 (base 2) to base 8
-2
e7 (base 16) to base 10
231
28 (base 13) to base 15
24
What is -37 (base 8) in base 6?
-51
What is 0 (base 8) in base 4?
0
Convert -200 (base 4) to base 13.
-26
Convert -323 (base 4) to base 2.
-111011
3331 (base 4) to base 2
11111101
What is 2c (base 13) in base 14?
2a
What is 1232 (base 4) in base 9?
132
Convert -13 (base 6) to base 14.
-9
-12 (base 7) to base 12
-9
What is 6 (base 9) in base 10?
6
What is 9 (base 14) in base 9?
10
-4 (base 16) to base 3
-11
Convert 44 (base 16) to base 7.
125
10 (base 5) to base 16
5
Convert 34 (base 7) to base 14.
1b
What is 0 (base 9) in base 4?
0
What is -1b (base 13) in base 5?
-44
Convert -204 (base 9) to base 10.
-166
What is a0 (base 12) in base 5?
440
-a3 (base 15) to base 2
-10011001
Convert 3 (base 9) to base 8.
3
-3d (base 15) to base 7
-112
1a (base 14) to base 6
40
1 (base 11) to base 3
1
-1e (base 16) to base 9
-33
22 (base 4) to base 9
11
Convert -1 (base 9) to base 7.
-1
What is -11b (base 12) in base 5?
-1132
-1 (base 15) to base 7
-1
What is -d (base 15) in base 14?
-d
What is -22 (base 7) in base 2?
-10000
What is 21 (base 10) in base 14?
17
8 (base 16) to base 5
13
Convert -c (base 14) to base 13.
-c
What is -5 (base 15) in base 13?
-5
What is 3 (base 4) in base 11?
3
133 (base 4) to base 11
29
6 (base 12) to base 8
6
Convert -3 (base 8) to base 3.
-10
Convert -10 (base 2) to base 5.
-2
Convert 53 (base 14) to base 11.
67
-4 (base 5) to base 9
-4
4 (base 14) to base 16
4
Convert 17 (base 10) to base 4.
101
-37 (base 10) to base 4
-211
-51 (base 10) to base 11
-47
-10 (base 6) to base 9
-6
What is -1110 (base 3) in base 9?
-43
Convert -123 (base 11) to base 9.
-172
Convert -23 (base 10) to base 3.
-212
Convert 114 (base 5) to base 16.
22
What is 1 (base 9) in base 2?
1
What is 152 (base 8) in base 14?
78
Convert -8 (base 15) to base 2.
-1000
Convert -3 (base 16) to base 10.
-3
What is 9 (base 16) in base 10?
9
What is -28 (base 14) in base 7?
-51
2 (base 7) to base 8
2
What is -2 (base 12) in base 10?
-2
Convert 14 (base 14) to base 16.
12
What is -26 (base 14) in base 2?
-100010
Convert 2 (base 3) to base 14.
2
What is -3 (base 7) in base 5?
-3
Convert -2021 (base 4) to base 10.
-137
-7 (base 11) to base 4
-13
What is -29 (base 12) in base 7?
-45
-34 (base 7) to base 3
-221
111 (base 10) to base 6
303
Convert 21 (base 15) to base 12.
27
What is 0 (base 8) in base 9?
0
Convert 2 (base 8) to base 12.
2
Convert -121 (base 4) to base 16.
-19
What is -42 (base 5) in base 11?
-20
9b (base 13) to base 4
2000
What is -52 (base 13) in base 15?
-47
-4 (base 13) to base 12
-4
What is -4 (base 16) in base 6?
-4
What is 0 (base 6) in base 3?
0
25 (base 8) to base 15
16
What is 9 (base 12) in base 5?
14
4 (base 13) to base 11
4
0 (base 6) to base 12
0
Convert 0 (base 8) to base 4.
0
What is 23 (base 14) in base 13?
25
What is 7 (base 13) in base 14?
7
11 (base 2) to base 4
3
Convert -1 (base 11) to base 7.
-1
What is 36 (base 9) in base 3?
1020
201 (base 3) to base 8
23
Convert -124 (base 10) to base 12.
-a4
What is 2 (base 7) in base 10?
2
100000 (base 2) to base 6
52
What is -11 (base 10) in base 6?
-15
3 (base 13) to base 7
3
What is -12300 (base 4) in base 8?
-660
21 (base 3) to base 8
7
What is -1 (base 14) in base 3?
-1
Convert -2 (base 16) to base 9.
-2
Convert 2 (base 6) to base 3.
2
What is -3 (base 5) in base 4?
-3
Convert -111 (base 4) to base 16.
-15
110002 (base 3) to base 16
146
5 (base 9) to base 5
10
12 (base 11) to base 13
10
What is -5 (base 16) in base 6?
-5
34 (base 6) to base 14
18
25 (base 6) to base 8
21
-4 (base 5) to base 6
-4
Convert -451 (base 6) to base 13.
-106
Convert -29 (base 13) to base 8.
-43
What is -277 (base 11) in base 15?
-16b
Convert -4 (base 16) to base 8.
-4
Convert -10 (base 15) to base 8.
-17
What is -3 (base 14) in base 16?
-3
Convert 10 (base 5) to base 15.
5
Convert 3 (base 6) to base 4.
3
Convert 5 (base 11) to base 9.
5
Convert -56 (base 8) to base 2.
-101110
-243 (base 12) to base 11
-289
Convert 11 (base 10) to base 15.
b
What is 1 (base 16) in base 5?
1
What is 2 (base 7) in base 6?
2
6 (base 12) to base 7
6
Convert 251 (base 13) to base 11.
338
What is -1123 (base 4) in base 6?
-231
What is 6 (base 9) in base 6?
10
What is 1032 (base 4) in base 7?
141
Convert -302 (base 8) to base 3.
-21012
What is a1 (base 16) in base 14?
b7
8 (base 14) to base 12
8
What is 58 (base 11) in base 9?
70
Convert -3 (base 14) to base 2.
-11
Convert 4 (base 13) to base 10.
4
Convert 41 (base 11) to base 14.
33
What is -7 (base 13) in base 12?
-7
Convert -1 (base 14) to base 11.
-1
What is 3 (base 14) in base 12?
3
What is 71 (base 16) in base 15?
78
-8 (base 15) to base 7
-11
What is 4 (base 14) in base 11?
4
Convert -1000 (base 4) to base 5.
-224
Convert -1a (base 15) to base 8.
-31
Convert -83 (base 12) to base 8.
-143
Convert -123 (base 8) to base 11.
-76
What is 3 (base 16) in base 13?
3
Convert 2 (base 11) to base 8.
2
-10001 (base 3) to base 6
-214
Convert -20 (base 15) to base 12.
-26
-b6 (base 13) to base 8
-225
30 (base 14) to base 7
60
10 (base 7) to base 2
111
Convert -14 (base 6) to base 3.
-101
Convert 1010 (base 3) to base 15.
20
306 (base 8) to base 2
11000110
Convert 12 (base 4) to base 7.
6
What is -1d (base 15) in base 11?
-26
3 (base 13) to base 6
3
What is 43 (base 8) in base 15?
25
1001011 (base 2) to base 16
4b
Convert -59 (base 10) to base 8.
-73
What is -117 (base 13) in base 14?
-d7
-118 (base 10) to base 5
-433
-352 (base 8) to base 10
-234
-4 (base 14) to base 11
-4
Convert -31 (base 10) to base 9.
-34
b (base 14) to base 12
b
3 (base 6) to base 12
3
-1311 (base 4) to base 2
-1110101
What is -111 (base 2) in base 3?
-21
-2 (base 7) to base 12
-2
Convert 2024 (base 5) to base 8.
410
-26 (base 10) to base 13
-20
Convert 2 (base 4) to base 7.
2
Convert 57 (base 10) to base 13.
45
